 = r*b, n = b - 4*b + 97. Is b a composite number?
False
Let x(k) = 4*k + 15. Let s(q) = q + 5. Let o(r) = 7*s(r) - 2*x(r). Is o(-5) a prime number?
False
Let w = -641 - -429. Is (w/8)/(2/(-4)) a composite number?
False
Let i(x) = 78*x + 65. Is i(21) a prime number?
False
Suppose 3*y + 2*d = -3*d + 260, 3*y + 2*d - 248 = 0. Suppose -3*r = -6*r + 9. Suppose r*c - y = -5*v + 6, 0 = -c + 4*v + 57. Is c composite?
False
Suppose 19 = 2*s + 113. Let x = -190 - -106. Let m = s - x. Is m prime?
True
Let n be (-7)/(1*3/(-9)). Let j = n + -8. Is j composite?
False
Let z = 468 - 235. Is z a prime number?
True
Suppose -2021 = -4*d + 2607. Is d a prime number?
False
Suppose t - 8 = -3*t. Suppose t*v - 103 + 7 = 0. Let s = v + 7. Is s prime?
False
Let g = -7 + 12. Suppose -2 - 8 = g*h. Let r = 25 + h. Is r a prime number?
True
Let d(a) = 20*a**2 + a + 1. Let x be d(-1). Let k = -1 + x. Is k prime?
True
Let y be 3 + 4/((-8)/(-6)). Let o = y - 2. Is 13/(-1 + o/3) a composite number?
True
Suppose -r - 3*r = -40. Let u = r - 6. Suppose -u*p + f + 96 = 0, p - 3*p + 58 = -3*f. Is p a prime number?
True
Is (0 + 1)/((-6)/(-761 + -1)) a composite number?
False
Let d(a) be the first derivative of -3*a**2/2 - 3*a + 2. Let o be d(-11). Let p = o + 7. Is p prime?
True
Is (-8)/(-14) + 18156/28 prime?
False
Let u(i) be the third derivative of -7*i**4/12 - 5*i**3/6 - 2*i**2. Let x be (-18)/3*(-5)/(-5). Is u(x) composite?
False
Let p be ((-240)/(-18))/((-2)/6). Let l = 11 - p. Is l a composite number?
True
Suppose 0 = -4*j + 3*p + 319, 249 + 149 = 5*j - 3*p. Is j composite?
False
Let s(c) = 85*c**2. Is s(-1) prime?
False
Let s = 2405 - 1516. Is s composite?
True
Suppose 10*n = 5*n + 355. Is n prime?
True
Let m(c) = 20*c**3 - 2*c**2 + c + 9. Is m(4) a prime number?
False
Is ((-1)/(-1) - -1269)/2 a prime number?
False
Let b(i) = 10*i**3 + 5*i**2 - i - 9. Is b(5) composite?
False
Let o(t) = -5*t - 2 + 2*t + 6*t. Let r be o(2). Suppose 0 = 2*n - r*a - 20, -5*a = 3*n - 0 - 30. Is n composite?
True
Suppose -3*b = -b - 276. Let s = -15 + b. Is s prime?
False
Suppose 8*i - 7*i - 1 = 0. Let z be i - 0 - (-6)/3. Suppose 0 = -z*v + 83 - 26. Is v a composite number?
False
Let f be ((-2)/(-4)*0)/(-3). Suppose 4*b - 40 = -f*b. Is b composite?
True
Let u = -342 + 622. Suppose 8 = 2*d - 0*d, -3*d + u = 4*k. Is k a prime number?
True
Let t = -19 - -38. Suppose -t = -4*c + 13. Suppose c*h = 4*h + 316. Is h a prime number?
True
Let b = 27 + 10. Is b composite?
False
Suppose v - 5 = 4*t, -4*t + 1 = 4*v - 19. Let z be (v/(-2))/(1/(-2)). Suppose -j - 11 = -z*u + 23, -j = 4. Is u composite?
True
Suppose 4*n = 109 + 1103. Is n prime?
False
Let o(w) = w + 3. Let y be o(3). Is y/15 - 1059/(-15) prime?
True
Let h = -118 + 221. Let n(v) = -2*v**3 - 3*v**2 + 5. Let m be n(-5). Let o = m - h. Is o composite?
True
Let n(d) be the second derivative of -d**4/12 + 3*d**3/2 + 5*d**2/2 - 2*d. Is n(7) a prime number?
True
Is 3/(-12) - 85/(-4) prime?
False
Let q(o) = 10 + 2*o**2 + 2*o - 5*o - 7*o. Let x = 11 + -4. Is q(x) a prime number?
False
Let r(d) = 2 - 3*d + 0*d**2 + 4*d**2 + 2 - 1. Let m(s) = s + 15. Let z be m(-13). Is r(z) a composite number?
False
Let v = -2 - 2. Let r(j) = 12*j**2 + 3*j - 1. Is r(v) a prime number?
True
Suppose 0 = 7*g - 12*g - 10. Let q(z) = z**3 + z**2 - 2*z. Let w be q(-2). Is w - -74*(-7)/g a prime number?
False
Suppose o - 2*o = -403. Suppose -3*y = -5*i + 356 + 293, -o = -3*i - 5*y. Is i prime?
True
Suppose 0 = 2*h - 0 - 2. Is 58 + -2 + -2 + h composite?
True
Let p(s) = s**2 + 1. Let y be p(-1). Is 108 - (-6)/(4/y) composite?
True
Suppose 0 = -4*j - y - 50, 87 = -4*j + 5*y + 25. Let c = j + 59. Is c a prime number?
False
Let z = 636 - 263. Is z a composite number?
False
Is ((-8459)/44)/(2/(-8)) a prime number?
True
Let j(d) = 33*d**2 - 2*d - 1. Suppose 5*r + 23 = -7. Let i be (-21)/r - (-9)/(-6). Is j(i) a composite number?
False
Let a be 2/3*9/(-6). Let d be 2 + (33 - (-1 + a)). Suppose 0*b - b + d = 0. Is b composite?
False
Suppose g + 5 + 5 = -5*z, 4*g + 4*z = -24. Is (-6)/15 - 72/g prime?
False
Suppose -7*c + 6*c + 787 = 0. Is c a composite number?
False
Suppose -8 = 5*w - 28. Suppose 0 = w*m + 56 - 496. Suppose -2*q - 2*y - y = -115, -2*q - 4*y + m = 0. Is q composite?
True
Let n be -57*12/(-27)*-3. Let b = -41 - n. Is b composite?
True
Let h = 15980 - 8637. Is h composite?
True
Let x(p) = -p - 1. Let l be x(-4). Suppose 0 = -n + 1, 3 = z + 2*n - l. Suppose z*y = 4*u + 5 - 145, -5*u + 2*y = -181. Is u composite?
False
Suppose 5 = -4*h + 17. Suppose -2*j = h*c - j + 4, 5*j = c - 20. Suppose 4*t + t - 935 = c. Is t a prime number?
False
Suppose 2*s - s - 5*c = -15, -9 = 3*s - 3*c. Suppose -6*r + 10*r - 356 = s. Is r prime?
True
Let o be (-84)/(-18) + 4/(-6). Suppose 5*l + 2*u - 1840 = 0, -135 + 1607 = o*l - 4*u. Suppose 0*g - 101 = -g + 3*r, 0 = 4*g - 3*r - l. Is g a prime number?
True
Let q(i) = 14*i + 5. Let r be q(-4). Let o be ((-1 - -2) + 0)*r. Let d = o - -102. Is d prime?
False
Let c(r) = r**2 + 5*r - 1. Let k be c(-4). Let v(q) = q**3 + 7*q**2 + 7*q + 6. Is v(k) composite?
True
Let c = 27 + -23. Suppose -2*b + 2*n + 939 = n, -1843 = -c*b - 5*n. Is b prime?
True
Let n = 1436 - 727. Is n prime?
True
Is (-4)/(-7) + (-2202)/(-42) prime?
True
Let o = -39 + 19. Is 9210/o*(-4)/6 a prime number?
True
Let k = 96 - 19. Is k prime?
False
Suppose -5*h = -3*h - 2. Suppose v - h - 2 = 0. Suppose -v*i = 3*y - 153, 0*i + 5*i + 2*y = 249. Is i a composite number?
True
Suppose -3*s - a = -8 - 4, -6 = 2*s - 4*a. Suppose -y - s + 28 = 0. Is y a composite number?
True
Let p(i) = 5*i - 29. Let t(c) be the first derivative of -c**2 + 10*c - 2. Let h(l) = -3*p(l) - 8*t(l). Is h(8) a prime number?
False
Let i(f) = -44*f + 1. Is i(-3) prime?
False
Suppose -5*k - 10 = 0, 2*f - 194 = -2*f + 5*k. Suppose -2*t = -0*t - f. Is t a prime number?
True
Let p(q) = q**3 + 11*q**2 + 9*q + 1. Let i be p(-10). Let h(x) = 20*x - 5. Is h(i) composite?
True
Let x(r) = -r - 4. Let f(n) = 7*n**3. Let c be f(-1). Let i be x(c). Suppose -2*h = -i*h + 22. Is h prime?
False
Let o = 415 - -136. Is o a prime number?
False
Suppose 0 = 5*i + 4*r - 5*r - 5, 0 = 5*i + 3*r + 15. Suppose 0 = -2*m - i*m + 154. Is m prime?
False
Let t(c) = -1 + 5*c**3 - 4*c + c**3 - 5*c**2 + c**3 - 6*c**3. Is t(6) a prime number?
True
Let x(j) = 31*j**2 - 7*j - 7. Is x(-6) prime?
True
Suppose 477 = 3*q - 2244. Suppose -q - 3050 = -3*c. Is c composite?
False
Suppose 3*b + p - 174 = 0, b - 76 = 2*p - 18. Suppose 2*y + 12 + b = 0. Let z = y + 61. Is z composite?
True
Let r = 15 - -209. Let z = -75 + r. Is z prime?
True
Let x be (-35)/14*6/5. Is 15 + 6 + x + -4 a composite number?
True
Suppose 14*n - 11*n - 3 = 0. Is (-2 - n)*(-118)/6 a composite number?
False
Let v be (-2*2 - -2) + -488. Let n = v - -797. Is n prime?
True
Suppose 5*x - 296 - 1359 = 0. Suppose -183 = -2*d + x. Is d a prime number?
True
Is -1 - -88 - (0 - -4) a composite number?
False
Let j = -118 - -645. Is j a prime number?
False
Suppose -4*f = -f - 15. Suppose 2*d = 3*d - f*t - 171, 809 = 5*d - 2*t. Is d a prime number?
False
Is (-6 + 53)/((-2)/(-6)) prime?
False
Let f(y) = -y**3 - 3*y**2 + 3*y - 1. Let t be f(-4). Suppose 0 = 3*j - 4*a - 329, -2*a - 98 - 233 = -t*j. Is j composite?
True
Is 147/1 + 11/((-66)/(-12)) a prime number?
True
Is 2/(5 - 7)*-863 a prime number?
True
Let v be ((-5)/10)/(1/(-408)). Is v/8*14/3 composite?
True
Let o(n) = -n**2 - n + 6. Let l(r) = r**2. Let h be l(0). Let z be o(h). Let s(g) = -g**2 + 11*g + 7. Is s(z) composite?
False
Let o = -576 - -1025. Is o composite?
False
Let r(h) = -h - 5. Let d be r(-8). Suppose g - d*f + f = 31, -2*f + 69 = 3*g. Suppose v - 12 - g = 0. Is v composite?
False
Let l = 182 + 487. Suppose -4*b + b + l = 0. Is b a prime number?
True
Let x(d) = -d**3 + 2*d - 5. Let b = 3 - 1. Suppose b*h - 8 = 4*h. Is x(h) prime?
False
Let d(q) = 4*q**2 + 0*q**2 - 2*q**2 - 7 + 9*q. Is d(6) a composite number?
True
Suppose -5*i + 5*k = -150, -k + 0 = -1. Is i composite?
False
Let s(j) = j + 1. Let a be s(-6). Let n(d) = -8*d + 3. Is n(a) prime?
True
Suppose -5*p + 21571 - 6876 = 0. Is p composite?
False
Let x(y) = y**3 - 7*y**2 + 1. Let z be x(5). Let t = z - -86. Is t prime?
True
Let d(f) = 28*f - 10. Let u be d(8). Let k be (-127 